{"id":1312,"date":"2015-02-19T10:20:00","date_gmt":"2015-02-19T10:20:00","guid":{"rendered":"http:\/\/sfrancesc.reus.arqtgn.cat\/limites-parroquiales\/"},"modified":"2015-02-19T10:20:00","modified_gmt":"2015-02-19T10:20:00","slug":"limites-parroquiales","status":"publish","type":"page","link":"https:\/\/sfrancesc.reus.arqtgn.cat\/es\/limites-parroquiales\/","title":{"rendered":"L\u00cdMITES PARROQUIALES"},"content":{"rendered":"<p>PARR\u00d2QUIA DE SANT FRANCESC D&#8217;ASS\u00cdS &#8211; REUS<a href=\"http:\/\/reus6.wp.arqtgn.cat\/wp-content\/uploads\/sites\/46\/2015\/02\/MAPA-PARROQUIA-SANT-FRANCESC.jpg\"><img loading=\"lazy\" decoding=\"async\" class=\"alignnone size-medium wp-image-184\" src=\"http:\/\/reus6.wp.arqtgn.cat\/wp-content\/uploads\/sites\/46\/2015\/02\/MAPA-PARROQUIA-SANT-FRANCESC-300x260.jpg\" alt=\"MAPA PARROQUIA SANT FRANCESC\" width=\"300\" height=\"260\" srcset=\"https:\/\/sfrancesc.reus.arqtgn.cat\/wp-content\/uploads\/sites\/46\/2015\/02\/MAPA-PARROQUIA-SANT-FRANCESC-300x260.jpg 300w, https:\/\/sfrancesc.reus.arqtgn.cat\/wp-content\/uploads\/sites\/46\/2015\/02\/MAPA-PARROQUIA-SANT-FRANCESC.jpg 815w\" sizes=\"auto, (max-width: 300px) 100vw, 300px\" \/><\/a><\/p>\n","protected":false},"excerpt":{"rendered":"<p>PARR\u00d2QUIA DE SANT FRANCESC D&#8217;ASS\u00cdS &#8211; REUS<\/p>\n","protected":false},"author":46,"featured_media":0,"parent":0,"menu_order":10,"comment_status":"closed","ping_status":"closed","template":"","meta":{"footnotes":""},"class_list":["post-1312","page","type-page","status-publish","hentry"],"amp_enabled":true,"_links":{"self":[{"href":"https:\/\/sfrancesc.reus.arqtgn.cat\/es\/wp-json\/wp\/v2\/pages\/1312","targetHints":{"allow":["GET"]}}],"collection":[{"href":"https:\/\/sfrancesc.reus.arqtgn.cat\/es\/wp-json\/wp\/v2\/pages"}],"about":[{"href":"https:\/\/sfrancesc.reus.arqtgn.cat\/es\/wp-json\/wp\/v2\/types\/page"}],"author":[{"embeddable":true,"href":"https:\/\/sfrancesc.reus.arqtgn.cat\/es\/wp-json\/wp\/v2\/users\/46"}],"replies":[{"embeddable":true,"href":"https:\/\/sfrancesc.reus.arqtgn.cat\/es\/wp-json\/wp\/v2\/comments?post=1312"}],"version-history":[{"count":0,"href":"https:\/\/sfrancesc.reus.arqtgn.cat\/es\/wp-json\/wp\/v2\/pages\/1312\/revisions"}],"wp:attachment":[{"href":"https:\/\/sfrancesc.reus.arqtgn.cat\/es\/wp-json\/wp\/v2\/media?parent=1312"}],"curies":[{"name":"wp","href":"https:\/\/api.w.org\/{rel}","templated":true}]}}

LÍMITES PARROQUIALES

<p>PARRÒQUIA DE SANT FRANCESC D&#8217;ASSÍS &#8211; REUS<a href="http://reus6.wp.arqtgn.cat/wp-content/uploads/sites/46/2015/02/MAPA-PARROQUIA-SANT-FRANCESC.jpg"><img loading="lazy" decoding="async" class="alignnone size-medium wp-image-184" src="http://reus6.wp.arqtgn.cat/wp-content/uploads/sites/46/2015/02/MAPA-PARROQUIA-SANT-FRANCESC-300x260.jpg" alt="MAPA PARROQUIA SANT FRANCESC" width="300" height="260" srcset="https://sfrancesc.reus.arqtgn.cat/wp-content/uploads/sites/46/2015/02/MAPA-PARROQUIA-SANT-FRANCESC-300x260.jpg 300w, https://sfrancesc.reus.arqtgn.cat/wp-content/uploads/sites/46/2015/02/MAPA-PARROQUIA-SANT-FRANCESC.jpg 815w" sizes="auto, (max-width: 300px) 100vw, 300px" /></a></p>

<p>PARRÒQUIA DE SANT FRANCESC D&#8217;ASSÍS &#8211; REUS</p>
