{"id":1306,"date":"2015-01-02T10:01:16","date_gmt":"2015-01-02T10:01:16","guid":{"rendered":"http:\/\/sfrancesc.reus.arqtgn.cat\/primera-comunion-2018-19\/"},"modified":"2025-06-10T08:53:31","modified_gmt":"2025-06-10T08:53:31","slug":"primera-comunion-2018-19","status":"publish","type":"page","link":"https:\/\/sfrancesc.reus.arqtgn.cat\/es\/primera-comunion-2018-19\/","title":{"rendered":"PRIMERA COMUNI\u00d3N 2025-26"},"content":{"rendered":"<p><strong>1. ES NECESARIO CURSAR DOS CURSOS DE CATEQUESIS<\/strong><\/p>\r\n<p>La Catequesis de preparaci\u00f3n para la Primera Comuni\u00f3n consta de <strong>dos cursos escolares<\/strong> de catequesis (Primero y Segundo curso de Comuni\u00f3n)<\/p>\r\n<p><strong>PRIMER CURSO DE COMUNI\u00d3N:<\/strong><\/p>\r\n<p><strong>Empieza cuando el ni\u00f1o\/a cursa el 2\u00ba curso de Primaria<\/strong>.<\/p>\r\n<p>Tambi\u00e9n se puede empezar la catequesis cuando el ni\u00f1o\/a es mayor y cursa el 3\u00ba de Primaria o cursos m\u00e1s superiores. No es ning\u00fan problema que un ni\u00f1o\/a mayor quiera\u00a0 empezar la Catequesis de Primera Comuni\u00f3n.<\/p>\r\n<p><strong>SEGUNDO CURSO DE COMUNI\u00d3N<\/strong><\/p>\r\n<p>Cuando el ni\u00f1o\/a ha terminado de cursar el Segundo Curso de Comuni\u00f3n, entonces, puede recibir la Primera Comuni\u00f3n.<\/p>\r\n<p><strong>2. CENTROS DE CATEQUESIS DE LA PARROQUIA DE SANT FRANCESC REUS<\/strong><\/p>\r\n<p>La Parroquia de Sant Francesc de Reus dispone de 4 CENTROS DE CATEQUESIS:<\/p>\r\n<ul>\r\n<li><strong>CENTRO DE CATEQUESIS \u00abPARROQUIA\u00bb<\/strong>: Los ni\u00f1os\/as asisten a la sesiones de Catequesis en los locales de la Parroquia Sant Francesc (Calle Misericordia n. 12B). Pueden asistir los ni\u00f1os y ni\u00f1as de todas las escuelas de Reus y de otros lugares. La Catequesis se realiza<strong> los martes de 17:30h a 18:30h<\/strong>. Empezaran la catequesis el martes 30 de septiembre de 2025.<\/li>\r\n<li><strong>CENTRO DE CATEQUESIS COLEGIO LA SALLE REUS<\/strong>: Los alumnos del Colegio La Salle de Reus pueden hacer la Catequesis de Comuni\u00f3n en las instalaciones del mismo Colegio La Salle, <strong>los lunes\u00a0de 17h a 18:15h<\/strong>. La organizaci\u00f3n y direcci\u00f3n de la Catequesis de Comuni\u00f3n depende de la Parroquia de Sant Francesc (Reus) en colaboraci\u00f3n con la Direcci\u00f3n del Colegio La Salle. Empezaran la Catequesis el lunes 29 de septiembre.<\/li>\r\n<li><strong>CENTRO DE CATEQUESIS COLEGIO MARIA ROSA MOLAS REUS<\/strong>:\u00a0Los alumnos del Colegio Maria Rosa Molas de Reus pueden hacer la Catequesis de Comuni\u00f3n en las instalaciones del mismo Colegio Mare Molas, <strong>los mi\u00e9rcoles de 17h a 18:15h<\/strong>. La organizaci\u00f3n y direcci\u00f3n de la Catequesis de Comuni\u00f3n depende de la Parroquia de Sant Francesc (Reus) en colaboraci\u00f3n con el Departamento de Pastoral del Colegio. Empezaran la Catequesis el mi\u00e9rcoles 1 de octubre.<\/li>\r\n<li><strong>CENTRO DE CATEQUESIS COLEGIO SAN JOS\u00c9 DE REUS<\/strong>: Los alumnos del Colegio Sant Josep de Reus pueden hacer la Catequesis de Comuni\u00f3n en las instalaciones del mismo Colegio,\u00a0 <strong>los mi\u00e9rcoles de 17h a 18:15h<\/strong>. La organizaci\u00f3n y direcci\u00f3n de la Catequesis de Comuni\u00f3n depende de la Parroquia de Sant Francesc (Reus) en colaboraci\u00f3n con el Departamento de Pastoral del Colegio. Empezaran la Catequesis el mi\u00e9rcoles 1 de octubre.<\/li>\r\n<\/ul>\r\n<p><strong>3.INSCRIPCIONES<\/strong><\/p>\r\n<p>Los ni\u00f1os\/as de los 4 centros catequ\u00e9ticos es necesario que formalicen su inscripci\u00f3n para cada curso en la Parroquia de Sant Francesc<\/p>\r\n<ul>\r\n<li><strong>del 15 al 19 de SEPTIEMBRE de 17:30 a 18:30h<\/strong>\u00a0 (entrando por la calle Balmes n. 35).<\/li>\r\n<\/ul>\r\n<p>Es necesario inscribirse tanto los que empiezan el Primer Curso de Comuni\u00f3n como tambi\u00e9n los que contin\u00faan el Segundo Curso de Comuni\u00f3n.<\/p>\r\n<p>En el momento de la inscripci\u00f3n se abona:<\/p>\r\n<p>MATR\u00cdCULA DEL CURSO 2025-2026: <strong>30\u20ac<\/strong><\/p>\r\n<p>Catecisme Jes\u00fas \u00e9s el Senyor (sirve para los 2 cursos) : 17\u20ac<\/p>\r\n<p>Quadern d&#8217;Activitats Primer Curs: 13\u20ac<\/p>\r\n<p>Quadern d&#8217;Activitats Segon Curs : 13\u20ac<\/p>\r\n<p>\u00c0lbum de Cromos (curs 2025-26): 7\u20ac<\/p>\r\n<p>Para los que empiezan el Primer Curso es necesario prever 67\u20ac; i 50\u20ac para los que contin\u00faan el Segundo curso.<\/p>\r\n\r\n<figure class=\"wp-block-image size-large wp-block-gallery-1 is-layout-flex wp-block-gallery-is-layout-flex\"><\/figure>\r\n<p>&nbsp;<\/p>\r\n<p><a href=\"https:\/\/sfrancesc.reus.arqtgn.cat\/wp-content\/uploads\/sites\/46\/2025\/05\/CARTELL-CURS-2025-2026-1-724x1024.jpg\"><img loading=\"lazy\" decoding=\"async\" class=\"alignnone size-large wp-image-3768\" src=\"https:\/\/sfrancesc.reus.arqtgn.cat\/wp-content\/uploads\/sites\/46\/2025\/05\/CARTELL-CURS-2025-2026-1-724x1024.jpg\" alt=\"\" width=\"604\" height=\"854\" srcset=\"https:\/\/sfrancesc.reus.arqtgn.cat\/wp-content\/uploads\/sites\/46\/2025\/05\/CARTELL-CURS-2025-2026-1-724x1024.jpg 724w, https:\/\/sfrancesc.reus.arqtgn.cat\/wp-content\/uploads\/sites\/46\/2025\/05\/CARTELL-CURS-2025-2026-1-212x300.jpg 212w, https:\/\/sfrancesc.reus.arqtgn.cat\/wp-content\/uploads\/sites\/46\/2025\/05\/CARTELL-CURS-2025-2026-1-768x1086.jpg 768w, https:\/\/sfrancesc.reus.arqtgn.cat\/wp-content\/uploads\/sites\/46\/2025\/05\/CARTELL-CURS-2025-2026-1-1086x1536.jpg 1086w, https:\/\/sfrancesc.reus.arqtgn.cat\/wp-content\/uploads\/sites\/46\/2025\/05\/CARTELL-CURS-2025-2026-1.jpg 1240w\" sizes=\"auto, (max-width: 604px) 100vw, 604px\" \/><\/a><\/p>\r\n","protected":false},"excerpt":{"rendered":"<p>1. ES NECESARIO CURSAR DOS CURSOS DE CATEQUESIS La Catequesis de preparaci\u00f3n para la Primera Comuni\u00f3n consta de dos cursos escolares de catequesis (Primero y Segundo curso de Comuni\u00f3n) PRIMER CURSO DE COMUNI\u00d3N: Empieza cuando el ni\u00f1o\/a cursa el 2\u00ba curso de Primaria. Tambi\u00e9n se puede empezar la catequesis cuando el ni\u00f1o\/a es mayor y &hellip; <a href=\"https:\/\/sfrancesc.reus.arqtgn.cat\/es\/primera-comunion-2018-19\/\" class=\"more-link\">Seguir leyendo <span class=\"screen-reader-text\">PRIMERA COMUNI\u00d3N 2025-26<\/span> <span class=\"meta-nav\">&rarr;<\/span><\/a><\/p>\n","protected":false},"author":46,"featured_media":0,"parent":0,"menu_order":5,"comment_status":"closed","ping_status":"closed","template":"","meta":{"footnotes":""},"class_list":["post-1306","page","type-page","status-publish","hentry"],"amp_enabled":true,"_links":{"self":[{"href":"https:\/\/sfrancesc.reus.arqtgn.cat\/es\/wp-json\/wp\/v2\/pages\/1306","targetHints":{"allow":["GET"]}}],"collection":[{"href":"https:\/\/sfrancesc.reus.arqtgn.cat\/es\/wp-json\/wp\/v2\/pages"}],"about":[{"href":"https:\/\/sfrancesc.reus.arqtgn.cat\/es\/wp-json\/wp\/v2\/types\/page"}],"author":[{"embeddable":true,"href":"https:\/\/sfrancesc.reus.arqtgn.cat\/es\/wp-json\/wp\/v2\/users\/46"}],"replies":[{"embeddable":true,"href":"https:\/\/sfrancesc.reus.arqtgn.cat\/es\/wp-json\/wp\/v2\/comments?post=1306"}],"version-history":[{"count":25,"href":"https:\/\/sfrancesc.reus.arqtgn.cat\/es\/wp-json\/wp\/v2\/pages\/1306\/revisions"}],"predecessor-version":[{"id":3771,"href":"https:\/\/sfrancesc.reus.arqtgn.cat\/es\/wp-json\/wp\/v2\/pages\/1306\/revisions\/3771"}],"wp:attachment":[{"href":"https:\/\/sfrancesc.reus.arqtgn.cat\/es\/wp-json\/wp\/v2\/media?parent=1306"}],"curies":[{"name":"wp","href":"https:\/\/api.w.org\/{rel}","templated":true}]}}

PRIMERA COMUNIÓN 2025-26

<p><strong>1. ES NECESARIO CURSAR DOS CURSOS DE CATEQUESIS</strong></p>
<p>La Catequesis de preparación para la Primera Comunión consta de <strong>dos cursos escolares</strong> de catequesis (Primero y Segundo curso de Comunión)</p>
<p><strong>PRIMER CURSO DE COMUNIÓN:</strong></p>
<p><strong>Empieza cuando el niño/a cursa el 2º curso de Primaria</strong>.</p>
<p>También se puede empezar la catequesis cuando el niño/a es mayor y cursa el 3º de Primaria o cursos más superiores. No es ningún problema que un niño/a mayor quiera  empezar la Catequesis de Primera Comunión.</p>
<p><strong>SEGUNDO CURSO DE COMUNIÓN</strong></p>
<p>Cuando el niño/a ha terminado de cursar el Segundo Curso de Comunión, entonces, puede recibir la Primera Comunión.</p>
<p><strong>2. CENTROS DE CATEQUESIS DE LA PARROQUIA DE SANT FRANCESC REUS</strong></p>
<p>La Parroquia de Sant Francesc de Reus dispone de 4 CENTROS DE CATEQUESIS:</p>
<ul>
<li><strong>CENTRO DE CATEQUESIS «PARROQUIA»</strong>: Los niños/as asisten a la sesiones de Catequesis en los locales de la Parroquia Sant Francesc (Calle Misericordia n. 12B). Pueden asistir los niños y niñas de todas las escuelas de Reus y de otros lugares. La Catequesis se realiza<strong> los martes de 17:30h a 18:30h</strong>. Empezaran la catequesis el martes 30 de septiembre de 2025.</li>
<li><strong>CENTRO DE CATEQUESIS COLEGIO LA SALLE REUS</strong>: Los alumnos del Colegio La Salle de Reus pueden hacer la Catequesis de Comunión en las instalaciones del mismo Colegio La Salle, <strong>los lunes de 17h a 18:15h</strong>. La organización y dirección de la Catequesis de Comunión depende de la Parroquia de Sant Francesc (Reus) en colaboración con la Dirección del Colegio La Salle. Empezaran la Catequesis el lunes 29 de septiembre.</li>
<li><strong>CENTRO DE CATEQUESIS COLEGIO MARIA ROSA MOLAS REUS</strong>: Los alumnos del Colegio Maria Rosa Molas de Reus pueden hacer la Catequesis de Comunión en las instalaciones del mismo Colegio Mare Molas, <strong>los miércoles de 17h a 18:15h</strong>. La organización y dirección de la Catequesis de Comunión depende de la Parroquia de Sant Francesc (Reus) en colaboración con el Departamento de Pastoral del Colegio. Empezaran la Catequesis el miércoles 1 de octubre.</li>
<li><strong>CENTRO DE CATEQUESIS COLEGIO SAN JOSÉ DE REUS</strong>: Los alumnos del Colegio Sant Josep de Reus pueden hacer la Catequesis de Comunión en las instalaciones del mismo Colegio,  <strong>los miércoles de 17h a 18:15h</strong>. La organización y dirección de la Catequesis de Comunión depende de la Parroquia de Sant Francesc (Reus) en colaboración con el Departamento de Pastoral del Colegio. Empezaran la Catequesis el miércoles 1 de octubre.</li>
</ul>
<p><strong>3.INSCRIPCIONES</strong></p>
<p>Los niños/as de los 4 centros catequéticos es necesario que formalicen su inscripción para cada curso en la Parroquia de Sant Francesc</p>
<ul>
<li><strong>del 15 al 19 de SEPTIEMBRE de 17:30 a 18:30h</strong>  (entrando por la calle Balmes n. 35).</li>
</ul>
<p>Es necesario inscribirse tanto los que empiezan el Primer Curso de Comunión como también los que continúan el Segundo Curso de Comunión.</p>
<p>En el momento de la inscripción se abona:</p>
<p>MATRÍCULA DEL CURSO 2025-2026: <strong>30€</strong></p>
<p>Catecisme Jesús és el Senyor (sirve para los 2 cursos) : 17€</p>
<p>Quadern d&#8217;Activitats Primer Curs: 13€</p>
<p>Quadern d&#8217;Activitats Segon Curs : 13€</p>
<p>Àlbum de Cromos (curs 2025-26): 7€</p>
<p>Para los que empiezan el Primer Curso es necesario prever 67€; i 50€ para los que continúan el Segundo curso.</p>

<figure class="wp-block-image size-large wp-block-gallery-1 is-layout-flex wp-block-gallery-is-layout-flex"></figure>
<p>&nbsp;</p>
<p><a href="https://sfrancesc.reus.arqtgn.cat/wp-content/uploads/sites/46/2025/05/CARTELL-CURS-2025-2026-1-724x1024.jpg"><img loading="lazy" decoding="async" class="alignnone size-large wp-image-3768" src="https://sfrancesc.reus.arqtgn.cat/wp-content/uploads/sites/46/2025/05/CARTELL-CURS-2025-2026-1-724x1024.jpg" alt="" width="604" height="854" srcset="https://sfrancesc.reus.arqtgn.cat/wp-content/uploads/sites/46/2025/05/CARTELL-CURS-2025-2026-1-724x1024.jpg 724w, https://sfrancesc.reus.arqtgn.cat/wp-content/uploads/sites/46/2025/05/CARTELL-CURS-2025-2026-1-212x300.jpg 212w, https://sfrancesc.reus.arqtgn.cat/wp-content/uploads/sites/46/2025/05/CARTELL-CURS-2025-2026-1-768x1086.jpg 768w, https://sfrancesc.reus.arqtgn.cat/wp-content/uploads/sites/46/2025/05/CARTELL-CURS-2025-2026-1-1086x1536.jpg 1086w, https://sfrancesc.reus.arqtgn.cat/wp-content/uploads/sites/46/2025/05/CARTELL-CURS-2025-2026-1.jpg 1240w" sizes="auto, (max-width: 604px) 100vw, 604px" /></a></p>

<p>1. ES NECESARIO CURSAR DOS CURSOS DE CATEQUESIS La Catequesis de preparación para la Primera Comunión consta de dos cursos escolares de catequesis (Primero y Segundo curso de Comunión) PRIMER CURSO DE COMUNIÓN: Empieza cuando el niño/a cursa el 2º curso de Primaria. También se puede empezar la catequesis cuando el niño/a es mayor y &hellip; <a href="https://sfrancesc.reus.arqtgn.cat/es/primera-comunion-2018-19/" class="more-link">Seguir leyendo <span class="screen-reader-text">PRIMERA COMUNIÓN 2025-26</span> <span class="meta-nav">&rarr;</span></a></p>
