{"id":1304,"date":"2015-01-02T09:59:22","date_gmt":"2015-01-02T09:59:22","guid":{"rendered":"http:\/\/sfrancesc.reus.arqtgn.cat\/entierros\/"},"modified":"2020-06-25T09:16:20","modified_gmt":"2020-06-25T09:16:20","slug":"entierros","status":"publish","type":"page","link":"https:\/\/sfrancesc.reus.arqtgn.cat\/es\/entierros\/","title":{"rendered":"ENTIERROS"},"content":{"rendered":"<p>Los familiares del difunto pueden escoger entre:<\/p>\n<p>1) <strong>MISA<\/strong> EXEQUIAL : Se proclama la Palabra de Dios y se hace la CONSAGRACI\u00d3N DEL PAN Y DEL VINO. Los asistentes pueden recibir la Comuni\u00f3n. Solamente se celebrar\u00e1 la Misa cuando el entierro se realiza en la Iglesia Parroquial.<\/p>\n<p>2) <strong>CELEBRACI\u00d3N<\/strong> EXEQUIAL (RESPONSO): Se proclama la Palabra de Dios pero no hay CONSAGRACI\u00d3N DEL PAN Y EL VINO. Tampoco se Comulga. La Celebraci\u00f3n exequial puede realizarse tanto en la Iglesia como en la Sala de Ceremonias de los Tanatorios de Reus.<\/p>\n<p>El lugar propio de la celebraci\u00f3n cristiana de las exequias de un difunto es la Iglesia Parroquial. Pueden consultar en esta web el territorio parroquial de la Parroquia de San Francisco de As\u00eds de Reus. El Templo Parroquial es el lugar propio de todas las celebraciones cristianas. En la Iglesia el difunto recibi\u00f3 el Bautismo y los otros Sacramentos de la vida cristiana. Continua teniendo sentido hacer entrar el Cuerpo del difunto en la Iglesia ya que ese Cuerpo fue un Templo del Esp\u00edritu y en la Iglesia recibe el \u00faltimo homenaje y la oraci\u00f3n para que su Esp\u00edritu se re\u00fana con Dios en el Reino de los cielos. La Iglesia es el lugar lleno de riqueza simb\u00f3lica: Altar, la Cruz, el Sagrario, los santos y la Virgen, el toque de Campanas de difuntos etc&#8230; que ayudan a crear el ambiente m\u00e1s apto para la celebraci\u00f3n cristiana. Sin embargo est\u00e1 permitido realizar la celebraci\u00f3n exequial en las Salas de Ceremonias de los Tanatorios de Reus. En ese caso, el sacerdote de la Parroquia de San Francisco se desplaza a las dependencias del Tanatorio para realizar la celebraci\u00f3n. En consecuencia el difunto queda registrado en el libro de difuntos de la Parroquia de San Francisco de As\u00eds. Para que los familiares reciban la atenci\u00f3n pastoral de la Parroquia de San Francisco de As\u00eds es necesario que pidan a los responsables del Tanatorio que comuniquen y soliciten la atenci\u00f3n de la Parroquia.<\/p>\n<p>&nbsp;<\/p>\n<p style=\"text-align: justify\"><strong>Encargar una Misa para un difunto:\u00a0<\/strong>La Iglesia tiene un costumbre antiguo de celebrar Misas por los difuntos. Las fam\u00edlias que desean encargar una Misa para su difunto lo pueden hacer entrando en la sagristia de la Iglesia antes o despu\u00e9s de alguna Misa.<\/p>\n<p style=\"text-align: justify\">Se entrega un donativo de 10\u20ac por cada intenci\u00f3n de Misa de difuntos.<\/p>\n","protected":false},"excerpt":{"rendered":"<p>Los familiares del difunto pueden escoger entre: 1) MISA EXEQUIAL : Se proclama la Palabra de Dios y se hace la CONSAGRACI\u00d3N DEL PAN Y DEL VINO. Los asistentes pueden recibir la Comuni\u00f3n. Solamente se celebrar\u00e1 la Misa cuando el entierro se realiza en la Iglesia Parroquial. 2) CELEBRACI\u00d3N EXEQUIAL (RESPONSO): Se proclama la Palabra &hellip; <a href=\"https:\/\/sfrancesc.reus.arqtgn.cat\/es\/entierros\/\" class=\"more-link\">Seguir leyendo <span class=\"screen-reader-text\">ENTIERROS<\/span> <span class=\"meta-nav\">&rarr;<\/span><\/a><\/p>\n","protected":false},"author":46,"featured_media":0,"parent":0,"menu_order":7,"comment_status":"closed","ping_status":"closed","template":"","meta":{"footnotes":""},"class_list":["post-1304","page","type-page","status-publish","hentry"],"amp_enabled":true,"_links":{"self":[{"href":"https:\/\/sfrancesc.reus.arqtgn.cat\/es\/wp-json\/wp\/v2\/pages\/1304","targetHints":{"allow":["GET"]}}],"collection":[{"href":"https:\/\/sfrancesc.reus.arqtgn.cat\/es\/wp-json\/wp\/v2\/pages"}],"about":[{"href":"https:\/\/sfrancesc.reus.arqtgn.cat\/es\/wp-json\/wp\/v2\/types\/page"}],"author":[{"embeddable":true,"href":"https:\/\/sfrancesc.reus.arqtgn.cat\/es\/wp-json\/wp\/v2\/users\/46"}],"replies":[{"embeddable":true,"href":"https:\/\/sfrancesc.reus.arqtgn.cat\/es\/wp-json\/wp\/v2\/comments?post=1304"}],"version-history":[{"count":3,"href":"https:\/\/sfrancesc.reus.arqtgn.cat\/es\/wp-json\/wp\/v2\/pages\/1304\/revisions"}],"predecessor-version":[{"id":1902,"href":"https:\/\/sfrancesc.reus.arqtgn.cat\/es\/wp-json\/wp\/v2\/pages\/1304\/revisions\/1902"}],"wp:attachment":[{"href":"https:\/\/sfrancesc.reus.arqtgn.cat\/es\/wp-json\/wp\/v2\/media?parent=1304"}],"curies":[{"name":"wp","href":"https:\/\/api.w.org\/{rel}","templated":true}]}}

<p>Los familiares del difunto pueden escoger entre:</p>
<p>1) <strong>MISA</strong> EXEQUIAL : Se proclama la Palabra de Dios y se hace la CONSAGRACIÓN DEL PAN Y DEL VINO. Los asistentes pueden recibir la Comunión. Solamente se celebrará la Misa cuando el entierro se realiza en la Iglesia Parroquial.</p>
<p>2) <strong>CELEBRACIÓN</strong> EXEQUIAL (RESPONSO): Se proclama la Palabra de Dios pero no hay CONSAGRACIÓN DEL PAN Y EL VINO. Tampoco se Comulga. La Celebración exequial puede realizarse tanto en la Iglesia como en la Sala de Ceremonias de los Tanatorios de Reus.</p>
<p>El lugar propio de la celebración cristiana de las exequias de un difunto es la Iglesia Parroquial. Pueden consultar en esta web el territorio parroquial de la Parroquia de San Francisco de Asís de Reus. El Templo Parroquial es el lugar propio de todas las celebraciones cristianas. En la Iglesia el difunto recibió el Bautismo y los otros Sacramentos de la vida cristiana. Continua teniendo sentido hacer entrar el Cuerpo del difunto en la Iglesia ya que ese Cuerpo fue un Templo del Espíritu y en la Iglesia recibe el último homenaje y la oración para que su Espíritu se reúna con Dios en el Reino de los cielos. La Iglesia es el lugar lleno de riqueza simbólica: Altar, la Cruz, el Sagrario, los santos y la Virgen, el toque de Campanas de difuntos etc&#8230; que ayudan a crear el ambiente más apto para la celebración cristiana. Sin embargo está permitido realizar la celebración exequial en las Salas de Ceremonias de los Tanatorios de Reus. En ese caso, el sacerdote de la Parroquia de San Francisco se desplaza a las dependencias del Tanatorio para realizar la celebración. En consecuencia el difunto queda registrado en el libro de difuntos de la Parroquia de San Francisco de Asís. Para que los familiares reciban la atención pastoral de la Parroquia de San Francisco de Asís es necesario que pidan a los responsables del Tanatorio que comuniquen y soliciten la atención de la Parroquia.</p>
<p>&nbsp;</p>
<p style="text-align: justify"><strong>Encargar una Misa para un difunto: </strong>La Iglesia tiene un costumbre antiguo de celebrar Misas por los difuntos. Las famílias que desean encargar una Misa para su difunto lo pueden hacer entrando en la sagristia de la Iglesia antes o después de alguna Misa.</p>
<p style="text-align: justify">Se entrega un donativo de 10€ por cada intención de Misa de difuntos.</p>

<p>Los familiares del difunto pueden escoger entre: 1) MISA EXEQUIAL : Se proclama la Palabra de Dios y se hace la CONSAGRACIÓN DEL PAN Y DEL VINO. Los asistentes pueden recibir la Comunión. Solamente se celebrará la Misa cuando el entierro se realiza en la Iglesia Parroquial. 2) CELEBRACIÓN EXEQUIAL (RESPONSO): Se proclama la Palabra &hellip; <a href="https://sfrancesc.reus.arqtgn.cat/es/entierros/" class="more-link">Seguir leyendo <span class="screen-reader-text">ENTIERROS</span> <span class="meta-nav">&rarr;</span></a></p>
