{"id":1045,"date":"2015-02-11T10:28:53","date_gmt":"2015-02-11T10:28:53","guid":{"rendered":"http:\/\/reus6.wp.arqtgn.cat\/wp-content\/uploads\/sites\/46\/2015\/02\/Miseric\u00f2rdia-12A-Esgl\u00e9sia-de-Sant-Francesc.10-fa\u00e7ana-principal-\u01c2-\u098c.jpg"},"modified":"2015-02-11T10:28:53","modified_gmt":"2015-02-11T10:28:53","slug":"misericordia-12a-esglesia-de-sant-francesc-10-facana-principal-%c7%82-%e0%a6%8c-2","status":"inherit","type":"attachment","link":"https:\/\/sfrancesc.reus.arqtgn.cat\/es\/misericordia-12a-esglesia-de-sant-francesc-10-facana-principal-%c7%82-%e0%a6%8c-2\/","title":{"rendered":"Miseric\u00f2rdia, 12A Esgl\u00e9sia de Sant Francesc.10 fa\u00e7ana principal \u01c2 \u098c"},"author":46,"featured_media":0,"comment_status":"closed","ping_status":"open","template":"","meta":[],"class_list":["post-1045","attachment","type-attachment","status-inherit","hentry"],"amp_enabled":true,"description":{"rendered":"<p class=\"attachment\"><a href='https:\/\/sfrancesc.reus.arqtgn.cat\/wp-content\/uploads\/sites\/46\/2015\/02\/Miseric\u00f2rdia-12A-Esgl\u00e9sia-de-Sant-Francesc.10-fa\u00e7ana-principal-\u01c2-\u098c.jpg'><img loading=\"lazy\" decoding=\"async\" width=\"300\" height=\"182\" src=\"https:\/\/sfrancesc.reus.arqtgn.cat\/wp-content\/uploads\/sites\/46\/2015\/02\/Miseric\u00f2rdia-12A-Esgl\u00e9sia-de-Sant-Francesc.10-fa\u00e7ana-principal-\u01c2-\u098c-300x182.jpg\" class=\"attachment-medium size-medium\" alt=\"\" srcset=\"https:\/\/sfrancesc.reus.arqtgn.cat\/wp-content\/uploads\/sites\/46\/2015\/02\/Miseric\u00f2rdia-12A-Esgl\u00e9sia-de-Sant-Francesc.10-fa\u00e7ana-principal-\u01c2-\u098c-300x182.jpg 300w, https:\/\/sfrancesc.reus.arqtgn.cat\/wp-content\/uploads\/sites\/46\/2015\/02\/Miseric\u00f2rdia-12A-Esgl\u00e9sia-de-Sant-Francesc.10-fa\u00e7ana-principal-\u01c2-\u098c-1024x620.jpg 1024w\" sizes=\"auto, (max-width: 300px) 100vw, 300px\" \/><\/a><\/p>\n"},"caption":{"rendered":""},"alt_text":"","media_type":"image","mime_type":"image\/jpeg","media_details":{"width":4608,"height":2792,"file":"2015\/02\/Miseric\u00f2rdia-12A-Esgl\u00e9sia-de-Sant-Francesc.10-fa\u00e7ana-principal-\u01c2-\u098c.jpg","sizes":{"thumbnail":{"file":"Miseric\u00f2rdia-12A-Esgl\u00e9sia-de-Sant-Francesc.10-fa\u00e7ana-principal-\u01c2-\u098c-150x150.jpg","width":150,"height":150,"mime_type":"image\/jpeg","source_url":"https:\/\/sfrancesc.reus.arqtgn.cat\/wp-content\/uploads\/sites\/46\/2015\/02\/Miseric\u00f2rdia-12A-Esgl\u00e9sia-de-Sant-Francesc.10-fa\u00e7ana-principal-\u01c2-\u098c-150x150.jpg"},"medium":{"file":"Miseric\u00f2rdia-12A-Esgl\u00e9sia-de-Sant-Francesc.10-fa\u00e7ana-principal-\u01c2-\u098c-300x182.jpg","width":300,"height":182,"mime_type":"image\/jpeg","source_url":"https:\/\/sfrancesc.reus.arqtgn.cat\/wp-content\/uploads\/sites\/46\/2015\/02\/Miseric\u00f2rdia-12A-Esgl\u00e9sia-de-Sant-Francesc.10-fa\u00e7ana-principal-\u01c2-\u098c-300x182.jpg"},"large":{"file":"Miseric\u00f2rdia-12A-Esgl\u00e9sia-de-Sant-Francesc.10-fa\u00e7ana-principal-\u01c2-\u098c-1024x620.jpg","width":1024,"height":620,"mime_type":"image\/jpeg","source_url":"https:\/\/sfrancesc.reus.arqtgn.cat\/wp-content\/uploads\/sites\/46\/2015\/02\/Miseric\u00f2rdia-12A-Esgl\u00e9sia-de-Sant-Francesc.10-fa\u00e7ana-principal-\u01c2-\u098c-1024x620.jpg"},"post-thumbnail":{"file":"Miseric\u00f2rdia-12A-Esgl\u00e9sia-de-Sant-Francesc.10-fa\u00e7ana-principal-\u01c2-\u098c-604x270.jpg","width":604,"height":270,"mime_type":"image\/jpeg","source_url":"https:\/\/sfrancesc.reus.arqtgn.cat\/wp-content\/uploads\/sites\/46\/2015\/02\/Miseric\u00f2rdia-12A-Esgl\u00e9sia-de-Sant-Francesc.10-fa\u00e7ana-principal-\u01c2-\u098c-604x270.jpg"},"full":{"file":"Miseric\u00f2rdia-12A-Esgl\u00e9sia-de-Sant-Francesc.10-fa\u00e7ana-principal-\u01c2-\u098c.jpg","width":4608,"height":2792,"mime_type":"image\/jpeg","source_url":"https:\/\/sfrancesc.reus.arqtgn.cat\/wp-content\/uploads\/sites\/46\/2015\/02\/Miseric\u00f2rdia-12A-Esgl\u00e9sia-de-Sant-Francesc.10-fa\u00e7ana-principal-\u01c2-\u098c.jpg"}},"image_meta":{"aperture":11,"credit":"Francesc Xavier Fernandez Gazque","camera":"Canon EOS 60D","caption":"","created_timestamp":1413456340,"copyright":"FXFG.REUS","focal_length":"10","iso":"200","shutter_speed":"0.02","title":"","orientation":1}},"post":null,"source_url":"https:\/\/sfrancesc.reus.arqtgn.cat\/wp-content\/uploads\/sites\/46\/2015\/02\/Miseric\u00f2rdia-12A-Esgl\u00e9sia-de-Sant-Francesc.10-fa\u00e7ana-principal-\u01c2-\u098c.jpg","_links":{"self":[{"href":"https:\/\/sfrancesc.reus.arqtgn.cat\/es\/wp-json\/wp\/v2\/media\/1045","targetHints":{"allow":["GET"]}}],"collection":[{"href":"https:\/\/sfrancesc.reus.arqtgn.cat\/es\/wp-json\/wp\/v2\/media"}],"about":[{"href":"https:\/\/sfrancesc.reus.arqtgn.cat\/es\/wp-json\/wp\/v2\/types\/attachment"}],"author":[{"embeddable":true,"href":"https:\/\/sfrancesc.reus.arqtgn.cat\/es\/wp-json\/wp\/v2\/users\/46"}]}}

http://reus6.wp.arqtgn.cat/wp-content/uploads/sites/46/2015/02/Misericòrdia-12A-Església-de-Sant-Francesc.10-façana-principal-ǂ-ঌ.jpg

Misericòrdia, 12A Església de Sant Francesc.10 façana principal ǂ ঌ

<p class="attachment"><a href='https://sfrancesc.reus.arqtgn.cat/wp-content/uploads/sites/46/2015/02/Misericòrdia-12A-Església-de-Sant-Francesc.10-façana-principal-ǂ-ঌ.jpg'><img loading="lazy" decoding="async" width="300" height="182" src="https://sfrancesc.reus.arqtgn.cat/wp-content/uploads/sites/46/2015/02/Misericòrdia-12A-Església-de-Sant-Francesc.10-façana-principal-ǂ-ঌ-300x182.jpg" class="attachment-medium size-medium" alt="" srcset="https://sfrancesc.reus.arqtgn.cat/wp-content/uploads/sites/46/2015/02/Misericòrdia-12A-Església-de-Sant-Francesc.10-façana-principal-ǂ-ঌ-300x182.jpg 300w, https://sfrancesc.reus.arqtgn.cat/wp-content/uploads/sites/46/2015/02/Misericòrdia-12A-Església-de-Sant-Francesc.10-façana-principal-ǂ-ঌ-1024x620.jpg 1024w" sizes="auto, (max-width: 300px) 100vw, 300px" /></a></p>

2015/02/Misericòrdia-12A-Església-de-Sant-Francesc.10-façana-principal-ǂ-ঌ.jpg

Misericòrdia-12A-Església-de-Sant-Francesc.10-façana-principal-ǂ-ঌ-150x150.jpg

https://sfrancesc.reus.arqtgn.cat/wp-content/uploads/sites/46/2015/02/Misericòrdia-12A-Església-de-Sant-Francesc.10-façana-principal-ǂ-ঌ-150x150.jpg

Misericòrdia-12A-Església-de-Sant-Francesc.10-façana-principal-ǂ-ঌ-300x182.jpg

https://sfrancesc.reus.arqtgn.cat/wp-content/uploads/sites/46/2015/02/Misericòrdia-12A-Església-de-Sant-Francesc.10-façana-principal-ǂ-ঌ-300x182.jpg

Misericòrdia-12A-Església-de-Sant-Francesc.10-façana-principal-ǂ-ঌ-1024x620.jpg

https://sfrancesc.reus.arqtgn.cat/wp-content/uploads/sites/46/2015/02/Misericòrdia-12A-Església-de-Sant-Francesc.10-façana-principal-ǂ-ঌ-1024x620.jpg

Misericòrdia-12A-Església-de-Sant-Francesc.10-façana-principal-ǂ-ঌ-604x270.jpg

https://sfrancesc.reus.arqtgn.cat/wp-content/uploads/sites/46/2015/02/Misericòrdia-12A-Església-de-Sant-Francesc.10-façana-principal-ǂ-ঌ-604x270.jpg

Misericòrdia-12A-Església-de-Sant-Francesc.10-façana-principal-ǂ-ঌ.jpg

https://sfrancesc.reus.arqtgn.cat/wp-content/uploads/sites/46/2015/02/Misericòrdia-12A-Església-de-Sant-Francesc.10-façana-principal-ǂ-ঌ.jpg
